{"id":10904,"date":"2025-05-21T06:49:40","date_gmt":"2025-05-21T06:49:40","guid":{"rendered":"https:\/\/www.spuntologie.cz\/?page_id=10904"},"modified":"2025-05-22T05:48:04","modified_gmt":"2025-05-22T05:48:04","slug":"o-spuntech","status":"publish","type":"page","link":"https:\/\/www.spuntologie.cz\/index.php\/o-spuntech\/","title":{"rendered":"O \u0161puntech"},"content":{"rendered":"\n\t\t\t\t<p class=\"rs-p-wp-fix\"><\/p>\n\t\t\t\t<sr7-module data-alias=\"ospuntech1\" data-id=\"8\" id=\"SR7_8_1\" class=\"rs-ov-hidden\" data-version=\"6.7.29\">\n\t\t\t\t\t<sr7-adjuster><\/sr7-adjuster>\n\t\t\t\t\t<sr7-content>\n\t\t\t\t\t\t<sr7-slide id=\"SR7_8_1-19\" data-key=\"19\">\n\t\t\t\t\t\t\t<sr7-bg id=\"SR7_8_1-19-3\" class=\"sr7-layer\"><noscript><img decoding=\"async\" src=\"https:\/\/www.spuntologie.cz\/wp-content\/uploads\/2025\/05\/FYCB-jKWQAIWR8H.jpg\" alt=\"\" title=\"FYCB-jKWQAIWR8H\"><\/noscript><\/sr7-bg>\n\t\t\t\t\t\t\t<sr7-txt id=\"SR7_8_1-19-0\" class=\"sr7-layer\">O \u0161puntech<br \/>\n<\/sr7-txt>\n\t\t\t\t\t\t\t<sr7-txt id=\"SR7_8_1-19-2\" class=\"sr7-layer\">Mal\u00ed hrdinov\u00e9 ve slu\u017eb\u00e1ch v\u00edna<br \/>\n<\/sr7-txt>\n\t\t\t\t\t\t<\/sr7-slide>\n\t\t\t\t\t\t<sr7-slide id=\"SR7_8_1-21\" data-key=\"21\">\n\t\t\t\t\t\t<\/sr7-slide>\n\t\t\t\t\t<\/sr7-content>\n\t\t\t\t\t<image_lists style=\"display:none\">\n\t\t\t\t\t\t<img data-src=\"\/\/www.spuntologie.cz\/wp-content\/uploads\/2025\/05\/FYCB-jKWQAIWR8H.jpg\" data-libid=\"10939\" data-lib=\"medialibrary\" title=\"FYCB-jKWQAIWR8H\" width=\"0\" height=\"0\" data-dbsrc=\"Ly93d3cuc3B1bnRvbG9naWUuY3ovd3AtY29udGVudC91cGxvYWRzLzIwMjUvMDUvRllDQi1qS1dRQUlXUjhILmpwZw==\"\/>\n\t\t\t\t\t<\/image_lists>\n\t\t\t\t<\/sr7-module>\n\t\t\t\t<script>\n\t\t\t\t\tSR7.PMH ??={}; SR7.PMH[\"SR7_8_1\"] = {cn:100,state:false,fn: function() { if (_tpt!==undefined && _tpt.prepareModuleHeight !== undefined) {  _tpt.prepareModuleHeight({id:\"SR7_8_1\",el:[950,950,700,600,500],type:'standard',shdw:'0',gh:[950,950,700,600,500],gw:[1903,1903,1024,778,480],vpt:['-100px&#039;,&#039;-100px&#039;,&#039;-100px&#039;,&#039;-100px&#039;,&#039;-100px'],size:{fullWidth:true, fullHeight:true},fho:'',mh:'0',onh:0,onw:0,bg:{color:'{\"type\":\"solid\",\"orig\":\"#111111\",\"string\":\"rgba(17, 17, 17, 1)\"}'}});   SR7.PMH[\"SR7_8_1\"].state=true;} else if(SR7.PMH[\"SR7_8_1\"].cn-->0)\tsetTimeout( SR7.PMH[\"SR7_8_1\"].fn,19);}};SR7.PMH[\"SR7_8_1\" ].fn();\n\t\t\t\t<\/script>\n\n<div style=\"border-left: 5px solid #996600; background-color: #fff8e1; padding: 20px; margin: 40px 0;\">\n<h2>\u0160punty \u2013 mal\u00ed korkov\u00ed ryt\u00ed\u0159i v boji proti oxidaci<\/h2>\n<p>Kdy\u017e se \u0159ekne \u0161punt, v\u011bt\u0161ina lid\u00ed si p\u0159edstav\u00ed ten okam\u017eik \u2013 slavnostn\u00ed <em>\u201cplop\u201c<\/em>, kter\u00fd prov\u00e1z\u00ed otev\u0159en\u00ed lahve v\u00edna. Ale m\u00e1lokdo tu\u0161\u00ed, jak fascinuj\u00edc\u00ed historii m\u00e1 tento nen\u00e1padn\u00fd pomocn\u00edk, jeho\u017e \u00fakolem je chr\u00e1nit vz\u00e1cn\u00fd obsah p\u0159ed zk\u00e1zou \u2013 tedy kysl\u00edkem, \u010dasem, a v hor\u0161\u00edch p\u0159\u00edpadech i ne\u0161ikovn\u00fdmi v\u00fdvrtkami.<\/p>\n<p><strong>Trocha historie nikoho nezabije (a \u0161punt to taky p\u0159e\u017eije)<\/strong><\/p>\n<p>Pou\u017e\u00edv\u00e1n\u00ed korku k uzav\u00edr\u00e1n\u00ed n\u00e1dob nen\u00ed \u017e\u00e1dn\u00e1 novinka. U\u017e sta\u0159\u00ed \u0158ekov\u00e9 a \u0158\u00edman\u00e9 v\u011bd\u011bli, \u017ee korek m\u00e1 \u00fa\u017easn\u00e9 vlastnosti \u2013 pru\u017e\u00ed, ut\u011bsn\u00ed, neplesniv\u00ed a hlavn\u011b&#8230; neprozrad\u00ed ani kapku. Archeologov\u00e9 objevili korkov\u00e9 z\u00e1tky v amfor\u00e1ch star\u00fdch p\u0159es 2000 let.<\/p>\n<p>Ov\u0161em modern\u00ed \u00e9ra korkov\u00e9ho \u0161puntu, jak ho zn\u00e1me dnes, za\u010dala v 17. stolet\u00ed. Traduje se, \u017ee to byl slavn\u00fd mnich a \u0161umiv\u00fd kouzeln\u00edk Dom P\u00e9rignon, kdo za\u010dal m\u00edsto d\u0159\u00edv\u011bj\u0161\u00edch d\u0159ev\u011bn\u00fdch kol\u00edk\u016f pou\u017e\u00edvat korkov\u00e9 z\u00e1tky. D\u011bkujeme, ot\u010de Dom \u2013 bez v\u00e1s by ka\u017ed\u00e9 otev\u0159en\u00ed v\u00edna bylo jako rusk\u00e1 ruleta s mokr\u00fdm koncem.<\/p>\n<div style=\"display: flex; flex-wrap: wrap; gap: 20px; align-items: flex-start; margin: 10px 0; margin-top: 5px;\">\n<table style=\"width: 100%; margin: 10px 0; border-collapse: collapse;\" border=\"0\">\n<tbody>\n<tr><!-- Sloupec s videem --><\/p>\n<td style=\"width: 50%; vertical-align: top; padding-right: 20px;\">\n<div style=\"position: relative; padding-bottom: 56.25%; height: 0; overflow: hidden;\"><iframe style=\"position: absolute; top: 0; left: 0; width: 100%; height: 100%;\" src=\"https:\/\/www.youtube.com\/embed\/4T7qV733_go\" frameborder=\"0\" allowfullscreen=\"allowfullscreen\"><\/iframe><\/div>\n<\/td>\n<p><!-- Sloupec s textem --><\/p>\n<td style=\"width: 50%; vertical-align: top;\">\n<h3>Jak se rod\u00ed \u0161punt<\/h3>\n<p>V\u00fdroba \u0161puntu za\u010d\u00edn\u00e1 tam, kde se loupe \u2013 tedy v portugalsk\u00fdch \u010di \u0161pan\u011blsk\u00fdch korkov\u00fdch dubov\u00fdch les\u00edch.<br \/>\nK\u016fra stromu se loupe ru\u010dn\u011b (stromy protestuj\u00ed jen m\u00edrn\u011b) a prvn\u00ed sklize\u0148 korku je mo\u017en\u00e1 a\u017e po 25 letech \u017eivota stromu.<br \/>\nKvalitn\u00ed korkov\u00e1 k\u016fra je pak kr\u00e1jena, napa\u0159ov\u00e1na, lisov\u00e1na, odpo\u010d\u00edv\u00e1, su\u0161\u00ed se&#8230; a nakonec \u2013 p\u0159ich\u00e1z\u00ed v\u00fdsek \u0161punt\u016f. Doslova.<\/p>\n<p>Z jednoho korkov\u00e9ho kmene lze z\u00edskat stovky z\u00e1tkov\u00fdch kousk\u016f, p\u0159i\u010dem\u017e nejlep\u0161\u00ed kvalita se z\u00edsk\u00e1v\u00e1 z nejhust\u0161\u00ed \u010d\u00e1sti k\u016fry.<br \/>\nA ano \u2013 \u0161punty pak cestuj\u00ed po sv\u011bt\u011b stejn\u011b jako v\u00edno samo. Nap\u0159\u00edklad z Portugalska do Francie, kde na n\u011b \u010dek\u00e1 jejich osud v lahvi Bordeaux.<\/td>\n<\/tr>\n<\/tbody>\n<\/table>\n<p><strong>Druhy \u0161punt\u016f (aneb kdy\u017e je \u0161punt v\u00edc ne\u017e \u0161punt)<\/strong><\/p>\n<p>\u0160punty nejsou jen jeden druh, stejn\u011b jako v\u00edno nen\u00ed jen b\u00edl\u00e9 nebo \u010derven\u00e9. Zde jsou hlavn\u00ed typy:<\/p>\n<ol style=\"margin-top: -20px;\">\n<li><strong>Celokorkov\u00e9 z\u00e1tky (natural cork)<\/strong><br \/>\nVyr\u00e1b\u011bj\u00ed se z jednoho kusu korku. Jsou nejdra\u017e\u0161\u00ed, nejluxusn\u011bj\u0161\u00ed a pou\u017e\u00edvaj\u00ed se u archivn\u00edch v\u00edn. Vydr\u017e\u00ed des\u00edtky let, pokud je n\u011bkdo mezit\u00edm nevyt\u00e1hne na oslavu tety Bo\u017eeny.<\/li>\n<li><strong>Agglomerovan\u00e9 (lisovan\u00e9) z\u00e1tky<\/strong><br \/>\nVznikaj\u00ed lisov\u00e1n\u00edm korkov\u00e9ho granul\u00e1tu. Jsou levn\u011bj\u0161\u00ed, maj\u00ed krat\u0161\u00ed \u017eivotnost, ale hod\u00ed se skv\u011ble pro b\u011b\u017en\u00e1 v\u00edna, co ne\u010dekaj\u00ed na st\u00e1\u0159\u00ed, ale rovnou na ve\u010de\u0159i.<\/li>\n<li><strong>Technick\u00e9 \u0161punty (nap\u0159. 1+1)<\/strong><br \/>\nKombinace lisovan\u00e9ho t\u011bla a dvou desti\u010dek z p\u0159\u00edrodn\u00edho korku na konc\u00edch. Takov\u00fd \u0161punt &#8222;na p\u016fl cesty&#8220; \u2013 v\u00edc kvality, ale za men\u0161\u00ed pen\u00edz.<\/li>\n<li><strong>Syntetick\u00e9 z\u00e1tky a \u0161roubovac\u00ed uz\u00e1v\u011bry<\/strong><br \/>\nMezi n\u00e1mi \u2013 korek to nen\u00ed. Maj\u00ed sv\u00e9 v\u00fdhody (nap\u0159. nulov\u00e9 riziko tzv. korkov\u00e9 vady), ale romantiku a v\u016fni dubov\u00e9ho h\u00e1je do sklenky nep\u0159inesou.<\/li>\n<\/ol>\n<p><strong>Cena \u0161puntu? I ten m\u016f\u017ee st\u00e1t jako l\u00e1hev<\/strong><\/p>\n<p>Ano, i \u0161punt m\u00e1 svou cenovku. Zat\u00edmco lisovan\u00fd \u0161punt po\u0159\u00edd\u00ed\u0161 za p\u00e1r cent\u016f, celokorkov\u00fd kousek z v\u00fdb\u011brov\u00e9 k\u016fry m\u016f\u017ee st\u00e1t i <strong>1 a\u017e 2 eura<\/strong> \u2013 n\u011bkdy v\u00edce. U presti\u017en\u00edch v\u00edn se ne\u0161et\u0159\u00ed \u2013 koneckonc\u016f, co by to bylo za Ch\u00e2teauneuf-du-Pape, kdyby ho chr\u00e1nil recykl\u00e1t?<\/p>\n<p><strong>Co by m\u011bl ka\u017ed\u00fd v\u011bd\u011bt o kvalit\u011b korku<\/strong><\/p>\n<p>Kvalita \u0161puntu se posuzuje podle n\u011bkolika parametr\u016f:<\/p>\n<ul>\n<li><strong>Hustota a p\u00f3rovitost<\/strong> \u2013 \u010d\u00edm m\u00e9n\u011b p\u00f3r\u016f, t\u00edm l\u00e9pe t\u011bsn\u00ed.<\/li>\n<li><strong>Pru\u017enost<\/strong> \u2013 aby se kr\u00e1sn\u011b rozt\u00e1hl a zase smrskl, jakmile je tam, kde m\u00e1 b\u00fdt.<\/li>\n<li><strong>Absence TCA<\/strong> \u2013 l\u00e1tky zp\u016fsobuj\u00edc\u00ed zn\u00e1mou \u201ekorkovou vadu\u201c v\u00edna. Dobr\u00e9 firmy testuj\u00ed \u0161punty na TCA u\u017e p\u0159ed balen\u00edm.<\/li>\n<\/ul>\n<p><strong>Z\u00e1v\u011brem \u2013 \u0160punt nen\u00ed jen \u201ez\u00e1tka\u201c<\/strong><\/p>\n<p>Je to <strong>ochr\u00e1nce<\/strong>, <strong>str\u00e1\u017ece chut\u00ed<\/strong> a n\u011bkdy i <strong>posel radosti<\/strong>. A i kdy\u017e se ob\u010das rozpadne, vysko\u010d\u00ed moc brzo, nebo nejde ven ani po dvaceti minut\u00e1ch p\u00e1\u010den\u00ed, m\u00e1 sv\u00e9 \u010destn\u00e9 m\u00edsto ve sv\u011bt\u011b v\u00edna.<\/p>\n<p>P\u0159\u00ed\u0161t\u011b, a\u017e n\u011bjak\u00fd \u0161punt vylet\u00ed p\u0159i p\u0159\u00edpitku a\u017e ke stropu, v\u011bnujme mu my\u0161lenku. Mo\u017en\u00e1 to nebyl jen kousek korku \u2013 mo\u017en\u00e1 to byl <em>mal\u00fd hrdina, kter\u00fd pr\u00e1v\u011b dokon\u010dil svou posledn\u00ed misi<\/em>.<\/p>\n<\/div>\n<table style=\"width: 100%; border-collapse: collapse; border: 1px solid #996600; background-color: #fffbea; margin-top: 30px;\">\n<thead>\n<tr style=\"background-color: #ffeebb;\">\n<th style=\"border: 1px solid #996600; padding: 8px;\">Druh \u0161puntu<\/th>\n<th style=\"border: 1px solid #996600; padding: 8px;\">Pou\u017eit\u00ed<\/th>\n<th style=\"border: 1px solid #996600; padding: 8px;\">V\u00fddr\u017e<\/th>\n<th style=\"border: 1px solid #996600; padding: 8px;\">Cena (orienta\u010dn\u011b)<\/th>\n<th style=\"border: 1px solid #996600; padding: 8px;\">Pozn\u00e1mka<\/th>\n<\/tr>\n<\/thead>\n<tbody>\n<tr>\n<td style=\"border: 1px solid #996600; padding: 8px;\"><strong>Celokorkov\u00fd<\/strong><\/td>\n<td style=\"border: 1px solid #996600; padding: 8px;\">Archivn\u00ed a kvalitn\u00ed v\u00edna<\/td>\n<td style=\"border: 1px solid #996600; padding: 8px;\">10\u201330 let<\/td>\n<td style=\"border: 1px solid #996600; padding: 8px;\">1\u20133 \u20ac<\/td>\n<td style=\"border: 1px solid #996600; padding: 8px;\">Klasika \u2013 noblesa v korkov\u00e9m kab\u00e1t\u011b<\/td>\n<\/tr>\n<tr>\n<td style=\"border: 1px solid #996600; padding: 8px;\"><strong>Technick\u00fd (1+1)<\/strong><\/td>\n<td style=\"border: 1px solid #996600; padding: 8px;\">St\u0159edn\u00ed t\u0159\u00edda v\u00edn<\/td>\n<td style=\"border: 1px solid #996600; padding: 8px;\">3\u20137 let<\/td>\n<td style=\"border: 1px solid #996600; padding: 8px;\">0,3\u20131 \u20ac<\/td>\n<td style=\"border: 1px solid #996600; padding: 8px;\">Trochu p\u0159\u00edroda, trochu lis, akor\u00e1t<\/td>\n<\/tr>\n<tr>\n<td style=\"border: 1px solid #996600; padding: 8px;\"><strong>Lisovan\u00fd (aglomer\u00e1t)<\/strong><\/td>\n<td style=\"border: 1px solid #996600; padding: 8px;\">Mlad\u00e1 a b\u011b\u017en\u00e1 v\u00edna<\/td>\n<td style=\"border: 1px solid #996600; padding: 8px;\">1\u20133 roky<\/td>\n<td style=\"border: 1px solid #996600; padding: 8px;\">0,1\u20130,3 \u20ac<\/td>\n<td style=\"border: 1px solid #996600; padding: 8px;\">Levn\u00fd, spolehliv\u00fd, ob\u010das se drol\u00ed<\/td>\n<\/tr>\n<tr>\n<td style=\"border: 1px solid #996600; padding: 8px;\"><strong>Syntetick\u00fd<\/strong><\/td>\n<td style=\"border: 1px solid #996600; padding: 8px;\">Levn\u00e1 v\u00edna, export, bez TCA rizika<\/td>\n<td style=\"border: 1px solid #996600; padding: 8px;\">1\u20135 let<\/td>\n<td style=\"border: 1px solid #996600; padding: 8px;\">0,1\u20130,5 \u20ac<\/td>\n<td style=\"border: 1px solid #996600; padding: 8px;\">Plastov\u00e1 du\u0161e, ale jistota bez vady<\/td>\n<\/tr>\n<tr>\n<td style=\"border: 1px solid #996600; padding: 8px;\"><strong>\u0160roubovac\u00ed uz\u00e1v\u011br<\/strong><\/td>\n<td style=\"border: 1px solid #996600; padding: 8px;\">B\u00edl\u00e9 a mlad\u00e9 v\u00edno, nov\u00e9 trhy<\/td>\n<td style=\"border: 1px solid #996600; padding: 8px;\">1\u20135 let<\/td>\n<td style=\"border: 1px solid #996600; padding: 8px;\">0,05\u20130,2 \u20ac<\/td>\n<td style=\"border: 1px solid #996600; padding: 8px;\">Ne\u0161puntuje, ale zato jde otev\u0159\u00edt i v lese<\/td>\n<\/tr>\n<\/tbody>\n<\/table>\n<\/div>\n<blockquote style=\"font-style: italic; color: #555;\"><p>\u201e\u0160punt je mal\u00fd, ale dr\u017e\u00ed velk\u00e9 v\u011bci pohromad\u011b \u2013 chu\u0165, v\u016fni, vzpom\u00ednky. Otev\u0159\u00edt l\u00e1hev je jednoduch\u00e9, ale zav\u0159\u00edt ji stejn\u011b dob\u0159e\u2026 to u\u017e chce po\u0159\u00e1dn\u00fd \u0161punt.\u201c<\/p><\/blockquote>\n","protected":false},"excerpt":{"rendered":"<p>\u0160punty \u2013 mal\u00ed korkov\u00ed ryt\u00ed\u0159i v boji proti oxidaci Kdy\u017e se \u0159ekne \u0161punt, v\u011bt\u0161ina lid\u00ed si p\u0159edstav\u00ed ten okam\u017eik \u2013 slavnostn\u00ed \u201cplop\u201c, kter\u00fd prov\u00e1z\u00ed otev\u0159en\u00ed lahve v\u00edna. Ale m\u00e1lokdo tu\u0161\u00ed, jak fascinuj\u00edc\u00ed historii m\u00e1 tento nen\u00e1padn\u00fd pomocn\u00edk, jeho\u017e \u00fakolem je chr\u00e1nit vz\u00e1cn\u00fd obsah p\u0159ed zk\u00e1zou \u2013 tedy kysl\u00edkem, \u010dasem, a<span class=\"more-link\"><a href=\"https:\/\/www.spuntologie.cz\/index.php\/o-spuntech\/\">Continue Reading<\/a><\/span><\/p>\n","protected":false},"author":1,"featured_media":0,"parent":0,"menu_order":0,"comment_status":"closed","ping_status":"closed","template":"","meta":{"footnotes":""},"class_list":["entry","author-nehasil","post-10904","page","type-page","status-publish"],"_links":{"self":[{"href":"https:\/\/www.spuntologie.cz\/index.php\/wp-json\/wp\/v2\/pages\/10904","targetHints":{"allow":["GET"]}}],"collection":[{"href":"https:\/\/www.spuntologie.cz\/index.php\/wp-json\/wp\/v2\/pages"}],"about":[{"href":"https:\/\/www.spuntologie.cz\/index.php\/wp-json\/wp\/v2\/types\/page"}],"author":[{"embeddable":true,"href":"https:\/\/www.spuntologie.cz\/index.php\/wp-json\/wp\/v2\/users\/1"}],"replies":[{"embeddable":true,"href":"https:\/\/www.spuntologie.cz\/index.php\/wp-json\/wp\/v2\/comments?post=10904"}],"version-history":[{"count":1,"href":"https:\/\/www.spuntologie.cz\/index.php\/wp-json\/wp\/v2\/pages\/10904\/revisions"}],"predecessor-version":[{"id":10940,"href":"https:\/\/www.spuntologie.cz\/index.php\/wp-json\/wp\/v2\/pages\/10904\/revisions\/10940"}],"wp:attachment":[{"href":"https:\/\/www.spuntologie.cz\/index.php\/wp-json\/wp\/v2\/media?parent=10904"}],"curies":[{"name":"wp","href":"https:\/\/api.w.org\/{rel}","templated":true}]}}